{"id":90,"date":"2024-01-14T17:54:14","date_gmt":"2024-01-14T16:54:14","guid":{"rendered":"http:\/\/sdhhm.cz\/?page_id=90"},"modified":"2024-01-14T17:54:14","modified_gmt":"2024-01-14T16:54:14","slug":"oa-l1","status":"publish","type":"page","link":"https:\/\/sdhhm.cz\/index.php\/oa-l1\/","title":{"rendered":"OA-L1"},"content":{"rendered":"\n<figure class=\"wp-block-image size-large\"><img loading=\"lazy\" decoding=\"async\" width=\"1024\" height=\"683\" src=\"https:\/\/sdhhm.cz\/wp-content\/uploads\/2024\/01\/IMG_2018-1024x683.jpg\" alt=\"\" class=\"wp-image-91\" srcset=\"https:\/\/sdhhm.cz\/wp-content\/uploads\/2024\/01\/IMG_2018-1024x683.jpg 1024w, https:\/\/sdhhm.cz\/wp-content\/uploads\/2024\/01\/IMG_2018-300x200.jpg 300w, https:\/\/sdhhm.cz\/wp-content\/uploads\/2024\/01\/IMG_2018-768x512.jpg 768w, https:\/\/sdhhm.cz\/wp-content\/uploads\/2024\/01\/IMG_2018-1536x1024.jpg 1536w, https:\/\/sdhhm.cz\/wp-content\/uploads\/2024\/01\/IMG_2018-2048x1365.jpg 2048w\" sizes=\"auto, (max-width: 1024px) 100vw, 1024px\" \/><\/figure>\n\n\n\n<p>Rok v\u00fdroby: 2014<\/p>\n\n\n\n<p>Za\u0159azen\u00ed u JSDH: 2014<\/p>\n\n\n\n<p>Z\u00e1kladn\u00ed parametry:<\/p>\n\n\n\n<p>Osobn\u00ed automobil na podvozku Volkswagen Transporter 4\u00d72 byl po\u0159\u00edzen z\u0159izovatelem jednotky M\u010c Praha 15 v roce 2014.<\/p>\n\n\n\n<p>Podvozek:<\/p>\n\n\n\n<p>Motor o objemu 1968 cm<sup>3<\/sup>\u00a0a v\u00fdkonu 103 kW p\u0159en\u00e1\u0161\u00ed v\u00fdkon na hnanou zadn\u00ed n\u00e1pravu. V\u00fd\u0161ka vozidla je v b\u011b\u017en\u00e9m provozn\u00edm stavu 2,3 m, d\u00e9lka 5,3 m a \u0161\u00ed\u0159ka 1,9 m. Nejvy\u0161\u0161\u00ed p\u0159\u00edpustn\u00e1 hmotnost vozidla je 3 tuny. Prostor pos\u00e1dky je ur\u010den pro dev\u011bt osob.<\/p>\n\n\n\n<p>V\u00fdbava:<\/p>\n\n\n\n<p>Vozidlo m\u00e1 vyj\u00edmateln\u00e9 dv\u011b \u0159ady sedadel. M\u016f\u017ee tak slou\u017eit pro p\u0159evoz materi\u00e1lu nebo osob.<\/p>\n\n\n\n<p><\/p>\n","protected":false},"excerpt":{"rendered":"<p>Rok v\u00fdroby: 2014 Za\u0159azen\u00ed u JSDH: 2014 Z\u00e1kladn\u00ed parametry: Osobn\u00ed automobil na podvozku Volkswagen Transporter 4\u00d72 byl po\u0159\u00edzen z\u0159izovatelem jednotky M\u010c Praha 15 v roce 2014. Podvozek: Motor o objemu 1968 cm3\u00a0a v\u00fdkonu 103 kW p\u0159en\u00e1\u0161\u00ed v\u00fdkon na hnanou zadn\u00ed n\u00e1pravu. V\u00fd\u0161ka vozidla je v b\u011b\u017en\u00e9m provozn\u00edm stavu 2,3 m, d\u00e9lka 5,3 m a \u0161\u00ed\u0159ka [&hellip;]<\/p>\n","protected":false},"author":1,"featured_media":0,"parent":0,"menu_order":0,"comment_status":"closed","ping_status":"closed","template":"","meta":{"footnotes":""},"class_list":["post-90","page","type-page","status-publish","hentry"],"_links":{"self":[{"href":"https:\/\/sdhhm.cz\/index.php\/wp-json\/wp\/v2\/pages\/90","targetHints":{"allow":["GET"]}}],"collection":[{"href":"https:\/\/sdhhm.cz\/index.php\/wp-json\/wp\/v2\/pages"}],"about":[{"href":"https:\/\/sdhhm.cz\/index.php\/wp-json\/wp\/v2\/types\/page"}],"author":[{"embeddable":true,"href":"https:\/\/sdhhm.cz\/index.php\/wp-json\/wp\/v2\/users\/1"}],"replies":[{"embeddable":true,"href":"https:\/\/sdhhm.cz\/index.php\/wp-json\/wp\/v2\/comments?post=90"}],"version-history":[{"count":1,"href":"https:\/\/sdhhm.cz\/index.php\/wp-json\/wp\/v2\/pages\/90\/revisions"}],"predecessor-version":[{"id":92,"href":"https:\/\/sdhhm.cz\/index.php\/wp-json\/wp\/v2\/pages\/90\/revisions\/92"}],"wp:attachment":[{"href":"https:\/\/sdhhm.cz\/index.php\/wp-json\/wp\/v2\/media?parent=90"}],"curies":[{"name":"wp","href":"https:\/\/api.w.org\/{rel}","templated":true}]}}