{"id":86,"date":"2024-01-14T17:48:45","date_gmt":"2024-01-14T16:48:45","guid":{"rendered":"http:\/\/sdhhm.cz\/?page_id=86"},"modified":"2024-01-14T17:48:45","modified_gmt":"2024-01-14T16:48:45","slug":"da-l1z","status":"publish","type":"page","link":"https:\/\/sdhhm.cz\/index.php\/da-l1z\/","title":{"rendered":"DA-L1Z"},"content":{"rendered":"\n<figure class=\"wp-block-image size-large\"><img loading=\"lazy\" decoding=\"async\" width=\"1024\" height=\"681\" src=\"https:\/\/sdhhm.cz\/wp-content\/uploads\/2024\/01\/IMG_1894-1024x681.jpg\" alt=\"\" class=\"wp-image-87\" srcset=\"https:\/\/sdhhm.cz\/wp-content\/uploads\/2024\/01\/IMG_1894-1024x681.jpg 1024w, https:\/\/sdhhm.cz\/wp-content\/uploads\/2024\/01\/IMG_1894-300x200.jpg 300w, https:\/\/sdhhm.cz\/wp-content\/uploads\/2024\/01\/IMG_1894-768x511.jpg 768w, https:\/\/sdhhm.cz\/wp-content\/uploads\/2024\/01\/IMG_1894-1536x1022.jpg 1536w, https:\/\/sdhhm.cz\/wp-content\/uploads\/2024\/01\/IMG_1894.jpg 1936w\" sizes=\"auto, (max-width: 1024px) 100vw, 1024px\" \/><\/figure>\n\n\n\n<p>Rok v\u00fdroby: 2009<\/p>\n\n\n\n<p>Za\u0159azen\u00ed u JSDH: 2009<\/p>\n\n\n\n<p>Z\u00e1kladn\u00ed parametry:<\/p>\n\n\n\n<p>Dopravn\u00ed automobil na podvozku Ford Transit 4\u00d72 s n\u00e1stavbou Vesta auto byl po\u0159\u00edzena z\u0159izovatelem jednotky M\u010c Praha 15 z finan\u010dn\u00ed dotace Magistr\u00e1tu hl. m. Prahy v roce 2009.<\/p>\n\n\n\n<p>Podvozek:<\/p>\n\n\n\n<p>Motor o objemu 2402 cm<sup>3<\/sup>\u00a0a v\u00fdkonu 85 kW p\u0159en\u00e1\u0161\u00ed v\u00fdkon na hnanou zadn\u00ed n\u00e1pravu. V\u00fd\u0161ka vozidla je v b\u011b\u017en\u00e9m provozn\u00edm stavu 2,5 m, d\u00e9lka 5,9 m a \u0161\u00ed\u0159ka 1,97 m. Nejvy\u0161\u0161\u00ed p\u0159\u00edpustn\u00e1 hmotnost vozidla je 3,5 tun. Prostor pos\u00e1dky je ur\u010den pro 9 osob.<\/p>\n\n\n\n<p>N\u00e1stavba:<\/p>\n\n\n\n<p>N\u00e1stavba vozidla pro\u0161la v roce 2020 rekonstrukc\u00ed ve firm\u011b J\u00ed\u0161a autoservis, kdy byl dopln\u011bn druh\u00fd pojezd v n\u00e1kladov\u00e9 \u010d\u00e1sti vozidla,  upravena nadstavba na st\u0159e\u0161e vozidla o bednu na po\u017e\u00e1rn\u00ed p\u0159\u00edslu\u0161enstv\u00ed, byl dopln\u011bn \u017eeb\u0159\u00edk na zadn\u00ed dve\u0159e, dopln\u011bno LED osv\u011btlen\u00ed okol\u00ed vozidla a na zadn\u00ed n\u00e1pravu byly dopln\u011bny vzduchov\u00e9 m\u011bchy.<\/p>\n\n\n\n<p>V\u00fdbava:<\/p>\n\n\n\n<p>Vozidlo je ur\u010deno pro p\u0159evoz mu\u017estva nebo osob a po\u017e\u00e1rn\u00edho p\u0159\u00edslu\u0161enstv\u00ed. Dle pot\u0159eby je mo\u017eno vozidlo vybavit pro technick\u00e9 z\u00e1sahy (\u010derp\u00e1n\u00ed\/k\u00e1cen\u00ed) nebo t\u00fdlov\u00e9 zabezpe\u010den\u00ed.<\/p>\n\n\n\n<p><\/p>\n","protected":false},"excerpt":{"rendered":"<p>Rok v\u00fdroby: 2009 Za\u0159azen\u00ed u JSDH: 2009 Z\u00e1kladn\u00ed parametry: Dopravn\u00ed automobil na podvozku Ford Transit 4\u00d72 s n\u00e1stavbou Vesta auto byl po\u0159\u00edzena z\u0159izovatelem jednotky M\u010c Praha 15 z finan\u010dn\u00ed dotace Magistr\u00e1tu hl. m. Prahy v roce 2009. Podvozek: Motor o objemu 2402 cm3\u00a0a v\u00fdkonu 85 kW p\u0159en\u00e1\u0161\u00ed v\u00fdkon na hnanou zadn\u00ed n\u00e1pravu. V\u00fd\u0161ka vozidla je [&hellip;]<\/p>\n","protected":false},"author":1,"featured_media":0,"parent":0,"menu_order":0,"comment_status":"closed","ping_status":"closed","template":"","meta":{"footnotes":""},"class_list":["post-86","page","type-page","status-publish","hentry"],"_links":{"self":[{"href":"https:\/\/sdhhm.cz\/index.php\/wp-json\/wp\/v2\/pages\/86","targetHints":{"allow":["GET"]}}],"collection":[{"href":"https:\/\/sdhhm.cz\/index.php\/wp-json\/wp\/v2\/pages"}],"about":[{"href":"https:\/\/sdhhm.cz\/index.php\/wp-json\/wp\/v2\/types\/page"}],"author":[{"embeddable":true,"href":"https:\/\/sdhhm.cz\/index.php\/wp-json\/wp\/v2\/users\/1"}],"replies":[{"embeddable":true,"href":"https:\/\/sdhhm.cz\/index.php\/wp-json\/wp\/v2\/comments?post=86"}],"version-history":[{"count":1,"href":"https:\/\/sdhhm.cz\/index.php\/wp-json\/wp\/v2\/pages\/86\/revisions"}],"predecessor-version":[{"id":88,"href":"https:\/\/sdhhm.cz\/index.php\/wp-json\/wp\/v2\/pages\/86\/revisions\/88"}],"wp:attachment":[{"href":"https:\/\/sdhhm.cz\/index.php\/wp-json\/wp\/v2\/media?parent=86"}],"curies":[{"name":"wp","href":"https:\/\/api.w.org\/{rel}","templated":true}]}}